 be y(c). Calculate the highest common divisor of g and 24.
6
Suppose 2*d - 6984 = -4*v - 2624, 0 = 4*v - 3*d - 4380. Let m be v/77 + 2/(-11). Calculate the highest common divisor of 70 and m.
14
Let x(o) = -2*o - 1. Let r be x(-1). What is the greatest common divisor of r and 8?
1
Let q(l) be the second derivative of -l**5/10 + l**4/4 - l**2 - l. Let u be q(-2). What is the highest common factor of 182 and u?
26
Let q be 75/10 + 1/(-2). Suppose -40 = -q*b + 3*b. Suppose -3*f - 1 = -4*r - b, -3*r = 2*f - 23. What is the greatest common divisor of 35 and f?
7
Let a = 35 + 50. Suppose -4*v - i + 47 = -v, -5*i - a = -5*v. Suppose 20 = 3*t - 2*n, -6 = t - 5*n - 4. What is the greatest common factor of v and t?
8
Let i = 28 + -19. Let f(z) = z**3 - 10*z**2 + 12*z - 11. Let x be f(i). What is the highest common divisor of x and 176?
16
Let r be ((-10)/(-8))/1*48. Suppose -2*y + 4*y = -3*n + 36, 5*n - r = -5*y. What is the greatest common divisor of n and 6?
6
Suppose 3*c = 48 + 12. Let x = 16 + -12. What is the greatest common divisor of c and x?
4
Let t = 2 + -4. Let d be (-2)/(-2)*5/((-30)/24). Let i be t/(-3)*(-54)/d. Calculate the highest common divisor of 81 and i.
9
Suppose 3*b = -5*r + 525, 5*r - r - 4*b - 388 = 0. Let f(p) = -2*p**2 - 18*p - 2. Let y be f(-6). What is the greatest common divisor of r and y?
34
Let v = -20 + 33. Calculate the highest common divisor of v and 13.
13
Let d(o) = o**3 - 3*o**2 - 3. Let y be d(3). Let k(f) = -f**2 - 3*f + 2. Let w be k(y). Let b = -19 + 41. Calculate the greatest common factor of w and b.
2
Let k be -6*(270/(-4))/5. Let v be (-54)/(-4 + 9/3). What is the highest common divisor of v and k?
27
Let w(q) = 5*q**2 + 5*q + 5. Let s be w(-3). What is the greatest common factor of 10 and s?
5
Suppose -5*w - 3*m = -360, -m = 4*w - 4*m - 288. Suppose k + 4*k = 0, -4*q - 2*k = -w. What is the greatest common factor of q and 6?
6
Let j be 3/12 + 711/36. Calculate the greatest common divisor of j and 220.
20
Let i be (-2 + -11)*(-6 - -5). Let m(w) = w**2 + 2*w - 1. Let p be m(-3). Suppose 0 = -p*f - 0*f + 182. Calculate the greatest common factor of f and i.
13
Let a(y) = y**2 - 8*y + 9. Let s be a(7). Suppose -7*j + s*j = -180. Let b(x) = 7*x - 4. Let l be b(4). What is the highest common divisor of j and l?
12
Suppose 3*x + 9 - 15 = 0. Let b be ((-8)/5)/((-4)/10). What is the greatest common factor of b and x?
2
Let v(h) = h**3 - h + 0 - 2*h**2 + 1 - h**2. Suppose -5*r - 20 = -10*r. Let g be v(r). What is the highest common factor of g and 143?
13
Let w(x) = -x**2 - 12*x - 10. Let u be w(-8). What is the greatest common factor of u and 22?
22
Let f = -2 - -4. Let m be (6/4)/(1/f). Suppose 0 = -5*d - 0*v + m*v + 13, 0 = -3*v + 12. What is the greatest common divisor of 15 and d?
5
Suppose 4*w - 308 = -2*l, 106 = 3*l + 2*w - 368. Calculate the highest common factor of l and 64.
32
Suppose 0 = -5*f - 3*h + 338, -4*f + 112 = 4*h - 152. What is the highest common factor of f and 10?
10
Let t = -13 + 3. Let b = 16 + t. Calculate the greatest common divisor of b and 6.
6
Let v be 5/20 - (-95)/4. Calculate the greatest common factor of 264 and v.
24
Let k = -29 + 49. What is the highest common factor of 5 and k?
5
Suppose -2*s - 16 = -5*g, -3*g + 13 = -2*s + 1. Let l(k) = k**g - k - 3*k + 3*k. Let x be l(-1). What is the greatest common divisor of 6 and x?
2
Let z(l) = -4*l. Let q be z(-4). Let p(x) = 2*x**2 + 8*x - 2. Let s be p(-7). Calculate the highest common factor of s and q.
8
Let y be 10/25 - (-18)/5. Suppose 7*z - y*z - 180 = 0. Calculate the highest common factor of 12 and z.
12
Suppose -3*z + 4*m + 3 = -25, 3*m - 6 = 0. What is the greatest common divisor of z and 6?
6
Suppose -f - 3*f + 136 = 0. Suppose 0*w = 2*w - z - f, -z = 4*w - 74. Calculate the highest common factor of 90 and w.
18
Let x(i) = -7*i + 1. Let r be x(-1). Let n(u) = -7*u**3 + u + 2. Let v be n(-1). What is the greatest common divisor of v and r?
8
Let g(v) = -3*v + 3. Let f be g(-3). Suppose r - f = -2*r. Let z be (-11*r)/(2 - 3). Calculate the highest common factor of 4 and z.
4
Let j(l) = -l**3 - 11*l**2 - 3*l - 15. Let k be j(-11). What is the highest common factor of k and 27?
9
Let k(a) = -a**2 + 15*a - 6. Let l be k(6). Calculate the highest common divisor of 16 and l.
16
Suppose -2*i = -4*f - 0*i + 80, 3*i = -f + 13. Let w(z) = -z**3 - 8*z**2 + 14*z - 3. Let g be w(-10). Calculate the highest common divisor of g and f.
19
Let j = -28 + 46. Calculate the highest common factor of j and 9.
9
Suppose 0 = -2*q - q. Suppose q*b + 4 = 2*b. Let m be 0 + -1 - (b + -8). What is the highest common divisor of 15 and m?
5
Suppose 3*i = 8*i. Suppose 6*c - 2*c - 36 = i. Let b(q) = 16*q + 1. Let g be b(5). Calculate the greatest common factor of c and g.
9
Suppose -5*q + p - 2*p = -54, -p - 45 = -4*q. What is the highest common factor of 11 and q?
11
Let b(l) = 5*l + 64. Let z be b(-8). Calculate the greatest common divisor of 48 and z.
24
Let k(f) = -10*f + 12. Let d be k(9). Let x = -56 - d. Calculate the highest common factor of 55 and x.
11
Suppose 7*h - 6 = 6*h. Suppose j = -4*j + 25. Suppose -11 = -j*m + 9. What is the highest common factor of m and h?
2
Let o be 99 - -10 - 1*-1. Suppose 4*y - 62 = -5*b, 0 = -3*b + 2*y + 32 - 8. Calculate the highest common divisor of o and b.
10
Let a = 13 - -35. Let m = a + -18. Suppose 0 = -5*n - 3*f + m, -f + 6 = n + 2*f. What is the highest common factor of 48 and n?
6
Let u = 59 + -55. What is the greatest common factor of 28 and u?
4
Let l be ((-4)/3)/((-22)/33). Calculate the highest common divisor of 22 and l.
2
Suppose 2*x - 8 = -2*x. Suppose x*u = 4*m + 98, 174 = 5*u - m - 26. Let i(f) = -4*f + 6. Let g be i(-5). Calculate the highest common factor of g and u.
13
Let c = 5 + 49. Let o be -18*(4/6)/((-4)/6). What is the highest common divisor of c and o?
18
Let v be 6*(-3 - -6) - 4. Calculate the highest common factor of 56 and v.
14
Suppose 0*z - 3*z + 18 = 0. Calculate the greatest common divisor of z and 6.
6
Suppose 0 = 2*d - 4. Suppose -2*h - h = -9. Suppose k = 4*r - 5, 2*r = -h*r + 10. Calculate the greatest common divisor of k and d.
1
Suppose -5*y = 543 - 1683. Suppose 0*u + y = 4*u. Let o = u - 35. What is the greatest common divisor of 33 and o?
11
Let q = -2 - -3. Let l be (q/(-2))/(3/(-24)). Calculate the highest common divisor of 16 and l.
4
Let m = 17 + 97. Calculate the highest common divisor of m and 57.
57
Let l be (-574)/(-16) + (-2)/(-16). Calculate the greatest common factor of l and 18.
18
Let b = 3 + 1. Suppose a + 2*g + 44 = 3*a, -b*g + 128 = 4*a. What is the greatest common factor of a and 9?
9
Let t(n) = -9*n - 1. Let y be t(-5). Let z be 47/(-3) - 2/6. Let m = y - z. Calculate the greatest common divisor of m and 24.
12
Let m(l) = -l**3 - 6*l**2 + 5*l - 5. Let t be m(-7). Let x = 41 - 82. Let g = 40 - x. Calculate the highest common divisor of g and t.
9
Let g = 350 - 206. Suppose 0 = 5*p - g - 66. Calculate the greatest common divisor of 21 and p.
21
Let z(j) = j + 122. Let c be z(0). Let f = c + -77. Let l = 14 - 5. Calculate the greatest common factor of l and f.
9
Let d be 1/(-2)*3*-2. Suppose 6 = 4*g - 2. Suppose -i - 4 = 0, 0*i = 3*m - g*i - 53. What is the highest common divisor of m and d?
3
Suppose 0 = -d - 4 + 7. What is the greatest common divisor of d and 3?
3
Suppose -7*t - 69 = -10*t. What is the highest common divisor of 253 and t?
23
Let j be (-91)/(-2) + (-35)/(-14). Suppose 3*i = 3*q + 111, -2*q + 5 = -3*q. Calculate the greatest common divisor of j and i.
16
Let s(y) = 46*y - 3. Let i(j) = 23*j - 1. Let l(w) = 5*i(w) - 2*s(w). Let a be l(3). Let b = 88 - 60. What is the highest common divisor of b and a?
14
Let b(h) = 2*h**2 - h - 4. Let a be b(-2). Calculate the highest common divisor of 18 and a.
6
Let i be (-255)/30*-2*11. Calculate the highest common divisor of 17 and i.
17
Suppose 0*d + 4*d - 168 = 0. Calculate the highest common divisor of 21 and d.
21
Suppose -2*q + 1 = -5*o, o = -0*o - 4*q + 13. Let s = -5 - -4. Let d be (-7 - s)*12/(-8). Calculate the greatest common factor of d and o.
1
Let n be (-9)/((4/(-2))/2). Let c be (-58)/(-87)*(1 + 107). What is the greatest common factor of n and c?
9
Let q = 3 - 7. Let f(d) = -d**2 - 6*d - 3. 